[INFO] fetching crate leanify-many 1.1.1...
[INFO] checking leanify-many-1.1.1 against master#e6e4f7ed1589e03bc2f6c5931c1a72e7947e8682 for beta-170-4
[INFO] extracting crate leanify-many 1.1.1 into /workspace/builds/worker-6-tc2/source
[INFO] validating manifest of crates.io crate leanify-many 1.1.1 on toolchain e6e4f7ed1589e03bc2f6c5931c1a72e7947e8682
[INFO] running `Command { std: CARGO_HOME="/workspace/cargo-home" RUSTUP_HOME="/workspace/rustup-home" "/workspace/cargo-home/bin/cargo" "+e6e4f7ed1589e03bc2f6c5931c1a72e7947e8682" "metadata" "--manifest-path" "Cargo.toml" "--no-deps", kill_on_drop: false }`
[INFO] started tweaking crates.io crate leanify-many 1.1.1
[INFO] finished tweaking crates.io crate leanify-many 1.1.1
[INFO] tweaked toml for crates.io crate leanify-many 1.1.1 written to /workspace/builds/worker-6-tc2/source/Cargo.toml
[INFO] crate crates.io crate leanify-many 1.1.1 already has a lockfile, it will not be regenerated
[INFO] running `Command { std: CARGO_HOME="/workspace/cargo-home" RUSTUP_HOME="/workspace/rustup-home" "/workspace/cargo-home/bin/cargo" "+e6e4f7ed1589e03bc2f6c5931c1a72e7947e8682" "fetch" "--manifest-path" "Cargo.toml", kill_on_drop: false }`
[INFO] running `Command { std: "docker" "create" "-v" "/var/lib/crater-agent-workspace/builds/worker-6-tc2/target:/opt/rustwide/target:rw,Z" "-v" "/var/lib/crater-agent-workspace/builds/worker-6-tc2/source:/opt/rustwide/workdir:ro,Z" "-v" "/var/lib/crater-agent-workspace/cargo-home:/opt/rustwide/cargo-home:ro,Z" "-v" "/var/lib/crater-agent-workspace/rustup-home:/opt/rustwide/rustup-home:ro,Z" "-e" "SOURCE_DIR=/opt/rustwide/workdir" "-e" "CARGO_TARGET_DIR=/opt/rustwide/target" "-e" "CARGO_HOME=/opt/rustwide/cargo-home" "-e" "RUSTUP_HOME=/opt/rustwide/rustup-home" "-w" "/opt/rustwide/workdir" "-m" "1610612736" "--user" "0:0" "--network" "none" "ghcr.io/rust-lang/crates-build-env/linux@sha256:19e73879b68f455e41552ea35293514db52ea292d993f571636dbffedb77a1ee" "/opt/rustwide/cargo-home/bin/cargo" "+e6e4f7ed1589e03bc2f6c5931c1a72e7947e8682" "metadata" "--no-deps" "--format-version=1", kill_on_drop: false }`
[INFO] [stdout] e8017c1f33a9f70e5a5d354bc0b371a84a05709d227cd639835d16cda9a156a0
[INFO] running `Command { std: "docker" "start" "-a" "e8017c1f33a9f70e5a5d354bc0b371a84a05709d227cd639835d16cda9a156a0", kill_on_drop: false }`
[INFO] running `Command { std: "docker" "inspect" "e8017c1f33a9f70e5a5d354bc0b371a84a05709d227cd639835d16cda9a156a0", kill_on_drop: false }`
[INFO] running `Command { std: "docker" "rm" "-f" "e8017c1f33a9f70e5a5d354bc0b371a84a05709d227cd639835d16cda9a156a0", kill_on_drop: false }`
[INFO] [stdout] e8017c1f33a9f70e5a5d354bc0b371a84a05709d227cd639835d16cda9a156a0
[INFO] running `Command { std: "docker" "create" "-v" "/var/lib/crater-agent-workspace/builds/worker-6-tc2/target:/opt/rustwide/target:rw,Z" "-v" "/var/lib/crater-agent-workspace/builds/worker-6-tc2/source:/opt/rustwide/workdir:ro,Z" "-v" "/var/lib/crater-agent-workspace/cargo-home:/opt/rustwide/cargo-home:ro,Z" "-v" "/var/lib/crater-agent-workspace/rustup-home:/opt/rustwide/rustup-home:ro,Z" "-e" "SOURCE_DIR=/opt/rustwide/workdir" "-e" "CARGO_TARGET_DIR=/opt/rustwide/target" "-e" "CARGO_INCREMENTAL=0" "-e" "RUST_BACKTRACE=full" "-e" "RUSTFLAGS=--cap-lints=forbid" "-e" "RUSTDOCFLAGS=--cap-lints=forbid" "-e" "CARGO_HOME=/opt/rustwide/cargo-home" "-e" "RUSTUP_HOME=/opt/rustwide/rustup-home" "-w" "/opt/rustwide/workdir" "-m" "1610612736" "--user" "0:0" "--network" "none" "ghcr.io/rust-lang/crates-build-env/linux@sha256:19e73879b68f455e41552ea35293514db52ea292d993f571636dbffedb77a1ee" "/opt/rustwide/cargo-home/bin/cargo" "+e6e4f7ed1589e03bc2f6c5931c1a72e7947e8682" "check" "--frozen" "--all" "--all-targets" "--message-format=json", kill_on_drop: false }`
[INFO] [stdout] 7f2772399a773e5d63edfe23c305aa962e994aef8eb85a3f7c02ae8c041ccd4b
[INFO] running `Command { std: "docker" "start" "-a" "7f2772399a773e5d63edfe23c305aa962e994aef8eb85a3f7c02ae8c041ccd4b", kill_on_drop: false }`
[INFO] [stderr]    Compiling libc v0.2.74
[INFO] [stderr]    Compiling proc-macro2 v1.0.19
[INFO] [stderr]    Compiling syn v1.0.38
[INFO] [stderr]    Compiling semver-parser v0.7.0
[INFO] [stderr]     Checking slab v0.4.2
[INFO] [stderr]    Compiling memchr v2.3.3
[INFO] [stderr]    Compiling pin-project-internal v0.4.23
[INFO] [stderr]    Compiling proc-macro-nested v0.1.6
[INFO] [stderr]    Compiling log v0.4.11
[INFO] [stderr]     Checking futures-core v0.3.5
[INFO] [stderr]    Compiling proc-macro-hack v0.5.18
[INFO] [stderr]     Checking futures-sink v0.3.5
[INFO] [stderr]     Checking once_cell v1.4.0
[INFO] [stderr]     Checking futures-io v0.3.5
[INFO] [stderr]     Checking arc-swap v0.4.7
[INFO] [stderr]     Checking pin-project-lite v0.1.7
[INFO] [stderr]     Checking bytes v0.5.6
[INFO] [stderr]     Checking futures-channel v0.3.5
[INFO] [stderr]     Checking futures-task v0.3.5
[INFO] [stderr]    Compiling semver v0.9.0
[INFO] [stderr]    Compiling rustc_version v0.2.3
[INFO] [stderr]    Compiling termprogress v0.3.4
[INFO] [stderr]    Compiling leanify-many v1.1.1 (/opt/rustwide/workdir)
[INFO] [stderr]    Compiling quote v1.0.7
[INFO] [stderr]     Checking net2 v0.2.34
[INFO] [stderr]     Checking iovec v0.1.4
[INFO] [stderr]     Checking signal-hook-registry v1.2.1
[INFO] [stderr]     Checking atty v0.2.14
[INFO] [stderr]     Checking terminal_size v0.1.13
[INFO] [stderr]     Checking num_cpus v1.13.0
[INFO] [stderr]     Checking recolored v1.9.3
[INFO] [stderr]     Checking mio v0.6.22
[INFO] [stderr]     Checking mio-uds v0.6.8
[INFO] [stderr]    Compiling futures-macro v0.3.5
[INFO] [stderr]    Compiling tokio-macros v0.2.5
[INFO] [stderr]     Checking tokio v0.2.22
[INFO] [stderr]     Checking pin-project v0.4.23
[INFO] [stderr]     Checking futures-util v0.3.5
[INFO] [stderr]     Checking futures-executor v0.3.5
[INFO] [stderr]     Checking futures v0.3.5
[INFO] [stdout] error[E0557]: feature has been removed
[INFO] [stdout]  --> src/main.rs:3:30
[INFO] [stdout]   |
[INFO] [stdout] 3 | #![cfg_attr(nightly, feature(const_fn))]
[INFO] [stdout]   |                              ^^^^^^^^ feature has been removed
[INFO] [stdout]   |
[INFO] [stdout]   = note: split into finer-grained feature gates
[INFO] [stdout] 
[INFO] [stdout] 
[INFO] [stdout] error[E0557]: feature has been removed
[INFO] [stdout]  --> src/main.rs:3:30
[INFO] [stdout]   |
[INFO] [stdout] 3 | #![cfg_attr(nightly, feature(const_fn))]
[INFO] [stdout]   |                              ^^^^^^^^ feature has been removed
[INFO] [stdout]   |
[INFO] [stdout]   = note: split into finer-grained feature gates
[INFO] [stdout] 
[INFO] [stdout] 
[INFO] [stdout] warning: the feature `int_error_matching` has been stable since 1.55.0 and no longer requires an attribute to enable
[INFO] [stdout]  --> src/main.rs:1:30
[INFO] [stdout]   |
[INFO] [stdout] 1 | #![cfg_attr(nightly, feature(int_error_matching))]
[INFO] [stdout]   |                              ^^^^^^^^^^^^^^^^^^
[INFO] [stdout]   |
[INFO] [stdout]   = note: `#[warn(stable_features)]` on by default
[INFO] [stdout] 
[INFO] [stdout] 
[INFO] [stdout] warning: the feature `int_error_matching` has been stable since 1.55.0 and no longer requires an attribute to enable
[INFO] [stdout]  --> src/main.rs:1:30
[INFO] [stdout]   |
[INFO] [stdout] 1 | #![cfg_attr(nightly, feature(int_error_matching))]
[INFO] [stdout]   |                              ^^^^^^^^^^^^^^^^^^
[INFO] [stdout]   |
[INFO] [stdout]   = note: `#[warn(stable_features)]` on by default
[INFO] [stdout] 
[INFO] [stdout] 
[INFO] [stdout] error[E0599]: no variant or associated item named `Overflow` found for enum `IntErrorKind` in the current scope
[INFO] [stdout]    --> src/arg.rs:228:21
[INFO] [stdout]     |
[INFO] [stdout] 228 |             IntErrorKind::Overflow => write!(f, ": conversion would result in overflow"),
[INFO] [stdout]     |                           ^^^^^^^^ variant or associated item not found in `IntErrorKind`
[INFO] [stdout] 
[INFO] [stdout] 
[INFO] [stdout] error[E0599]: no variant or associated item named `Overflow` found for enum `IntErrorKind` in the current scope
[INFO] [stdout]    --> src/arg.rs:228:21
[INFO] [stdout]     |
[INFO] [stdout] 228 |             IntErrorKind::Overflow => write!(f, ": conversion would result in overflow"),
[INFO] [stdout]     |                           ^^^^^^^^ variant or associated item not found in `IntErrorKind`
[INFO] [stdout] 
[INFO] [stdout] 
[INFO] [stdout] error[E0599]: no variant or associated item named `Underflow` found for enum `IntErrorKind` in the current scope
[INFO] [stdout]    --> src/arg.rs:229:21
[INFO] [stdout]     |
[INFO] [stdout] 229 |             IntErrorKind::Underflow => write!(f, ": conversion would result in underflow"),
[INFO] [stdout]     |                           ^^^^^^^^^ variant or associated item not found in `IntErrorKind`
[INFO] [stdout] 
[INFO] [stdout] 
[INFO] [stdout] error[E0599]: no variant or associated item named `Underflow` found for enum `IntErrorKind` in the current scope
[INFO] [stdout]    --> src/arg.rs:229:21
[INFO] [stdout]     |
[INFO] [stdout] 229 |             IntErrorKind::Underflow => write!(f, ": conversion would result in underflow"),
[INFO] [stdout]     |                           ^^^^^^^^^ variant or associated item not found in `IntErrorKind`
[INFO] [stdout] 
[INFO] [stdout] 
[INFO] [stdout] error: aborting due to 3 previous errors; 1 warning emitted
[INFO] [stdout] 
[INFO] [stdout] 
[INFO] [stdout] Some errors have detailed explanations: E0557, E0599.
[INFO] [stdout] 
[INFO] [stdout] For more information about an error, try `rustc --explain E0557`.
[INFO] [stdout] 
[INFO] [stdout] error: aborting due to 3 previous errors; 1 warning emitted
[INFO] [stdout] 
[INFO] [stdout] 
[INFO] [stdout] Some errors have detailed explanations: E0557, E0599.
[INFO] [stdout] 
[INFO] [stdout] For more information about an error, try `rustc --explain E0557`.
[INFO] [stdout] 
[INFO] [stderr] error: could not compile `leanify-many` (bin "leanify-many") due to 4 previous errors; 1 warning emitted
[INFO] [stderr] warning: build failed, waiting for other jobs to finish...
[INFO] [stderr] error: could not compile `leanify-many` (bin "leanify-many" test) due to 4 previous errors; 1 warning emitted
[INFO] running `Command { std: "docker" "inspect" "7f2772399a773e5d63edfe23c305aa962e994aef8eb85a3f7c02ae8c041ccd4b", kill_on_drop: false }`
[INFO] running `Command { std: "docker" "rm" "-f" "7f2772399a773e5d63edfe23c305aa962e994aef8eb85a3f7c02ae8c041ccd4b", kill_on_drop: false }`
[INFO] [stdout] 7f2772399a773e5d63edfe23c305aa962e994aef8eb85a3f7c02ae8c041ccd4b
